 - v. Is g a prime number?
True
Let q = -502 - -713. Suppose -s = -3*f - 2*s + q, 75 = f - 2*s. Is f prime?
True
Let y be 2/(-1)*22/(-2). Suppose 0 = 4*l - 4*j - 8 - 0, -y = -l - 4*j. Suppose 653 - 4175 = -l*k. Is k a composite number?
False
Suppose 2*h = 4*n + n - 16, h + 18 = 5*n. Suppose -12 - 8 = -h*w. Suppose 5*s - w*s + 1595 = 0. Is s a composite number?
True
Suppose -1389 = -n + f, -n - 5*f = -0*n - 1419. Is (5 + -4)/(2/n) a composite number?
True
Let s(y) = 12*y**2 - y - 2. Let i be s(-1). Let p = i - 8. Is p - ((3 - 1) + -68) composite?
True
Is (-85242)/8*168/(-126) a composite number?
False
Is 29301*(-4 - 4)/(-24) composite?
False
Suppose x = -49 + 51. Let a(z) = 7*z**2 - 15 + x*z + 5 + 6. Is a(-11) a prime number?
True
Let w be 3/(-4)*(-40)/15. Suppose -7*l = w*l - 7083. Is l a composite number?
False
Suppose 0 = 5*s - 6*l + l - 4955, 5*s + 4*l - 4910 = 0. Suppose 4*y - s = 2*u, -u - 738 = -3*y + 2*u. Is y a composite number?
True
Suppose 3*b - 4173 = 16*b. Let a = 118 - b. Is a a prime number?
True
Suppose -2*p = 1006 - 2688. Suppose -p = -5*w + 634. Is w a prime number?
False
Suppose -q - 3 = 0, 7*k = 5*k - 3*q + 11029. Is k composite?
False
Suppose 3*i = 231 + 255. Let c be (-1 - (-3)/4) + 12/48. Suppose c = -3*s + i + 3. Is s a composite number?
True
Suppose 5*h - 15 - 10 = 0. Let s(y) = 48*y**2 - 3*y + 4. Is s(h) composite?
True
Let m = 188 - 184. Suppose -282 = -o - 5*z, 0*o = -o + z + 270. Suppose -4*y + o = -4*n, 2*y - 130 = -0*n - m*n. Is y a composite number?
False
Let o = 3198 + 608. Suppose 124*d - 126*d + o = 0. Is d composite?
True
Is (-8 + 6470/(-20))*2/(-3) a prime number?
False
Suppose -5*o = -15, 96*u - 100*u - 3*o = -47165. Is u prime?
True
Let h be (3 + -4)/(2/(-4)). Suppose 0 = 4*n + 2*g, -4*n + h*n + 2*g = -12. Is 74/(-1 + 1 + n) a prime number?
True
Let f = 13631 - -3128. Is f a composite number?
False
Is (-4)/(-18) + 42868/36 a composite number?
True
Let j(z) = 296*z**2 - 34*z - 675. Is j(-28) a prime number?
False
Let m(r) = 585*r - 101. Is m(20) composite?
True
Let o(a) = 174*a - 26. Let r(d) = -58*d + 9. Let g(l) = -6*o(l) - 17*r(l). Suppose 11 - 3 = -b. Is g(b) a composite number?
False
Is (10 + -109423 + 12)/(-1) a prime number?
False
Let r(x) = -73*x + 3. Is r(-8) composite?
False
Is 6*(-1567)/(-2)*(-74)/(-111) prime?
False
Let x = -26 + 26. Suppose x = -2*u + 239 + 47. Is u a prime number?
False
Suppose 366 = 3*d - 4*d. Let x = -97 - d. Is x composite?
False
Let b = -5 + 92. Suppose 0 = 3*s + b - 12. Let q = 122 + s. Is q a composite number?
False
Let z be 0/(14/(-14) - 6/(-2)). Suppose t + t - 2114 = z. Is t a composite number?
True
Suppose 55255 = 3*x + 2*l, -4*x + 73674 = -0*x + 2*l. Is x composite?
True
Suppose 5*d - 13456 = 4*a + 39883, -5*d + 5*a + 53335 = 0. Is d a composite number?
True
Let p(a) = a**2 - a + 35. Let y be p(0). Let i be 1 - (524/(-5) - (-24)/30). Suppose -5*d = -i + y. Is d composite?
True
Let c be (2 + 0 - 3) + 3. Suppose -c*w + 195 = w. Is w a composite number?
True
Let b(l) = -l**3 + 25*l**2 + 63*l + 35. Is b(14) composite?
True
Is (-6)/8*1274468/(-39) composite?
False
Suppose -1 = a, -5*c + 4*a - a = -19168. Is c a composite number?
False
Let x(z) = 28*z + 20*z - 2 + 0 + 3. Is x(3) composite?
True
Let z be 4/1 + 0 + 0. Suppose -m + 20 = z*i, 0*m - 4*m = 3*i - 15. Is 1*820/4 - m prime?
False
Is (-1)/(4 + 329640/(-82408)) a composite number?
False
Let l(w) = w**2 - 17*w - 5. Let p be l(17). Let o(i) be the first derivative of -i**4/2 + 7*i**2/2 - 2*i - 1. Is o(p) a prime number?
False
Is 1/(44/22418*2/4) composite?
False
Let t(z) = 17*z - 11. Let j(b) be the first derivative of b**2/2 + 7. Let r(l) = 6*j(l) + t(l). Is r(6) composite?
False
Let n(k) = 16*k - 49. Let d be n(-22). Let w = 742 + d. Is w a composite number?
True
Let l(o) = o - 1. Let d be l(3). Suppose d*m + 15 = 7*m. Suppose 6*r - m*r = 177. Is r prime?
True
Let l be -370*(-3 - (-6)/4). Suppose -4*j = -673 - l. Is j a composite number?
False
Let d = 31 + -35. Is 106 + (d - -3) - -1 a composite number?
True
Suppose 508*t + 14735 = 515*t. Is t a prime number?
False
Let j(s) = 44*s**2 + 8*s + 103. Is j(-24) a composite number?
True
Suppose -6*n + 109198 = -2876. Is n a prime number?
True
Let l be 6/(-8) + (-8988)/(-16). Let d = l - 324. Is d prime?
False
Let p be (2 - 7)*6/(-15). Suppose -p = -2*f + 8. Suppose 0 = 2*s + f*r - 168 - 889, 1618 = 3*s + r. Is s composite?
False
Suppose 3*q - 5953 = -565. Is ((-42)/28)/((-6)/q) prime?
True
Let a = 19800 + -673. Is a prime?
False
Let i(n) = -5*n**3 + 10*n**2 - 11*n - 141. Is i(-9) prime?
False
Suppose -2*i + 3*v = -4160 - 2345, 5*v = -4*i + 12999. Is i composite?
False
Let l(p) = 5390*p**3 + 2*p - 2. Let b be l(1). Suppose 0 = 5*w + 855 - b. Is w prime?
True
Let x(s) = 2*s**2 + 3*s + 4. Let y be x(-2). Suppose -3*p + y = -0. Suppose 2*q - 41 = 5*h, -2*q - 9 = -p*h - 41. Is q prime?
True
Let a = 47 - 44. Is 1363 + (-15)/3 + a a prime number?
True
Let m(r) = 19 - 18*r**2 + 2*r**2 + 12*r + r**2 - r**3. Let j be -3 + (-13 - (-4 + 5)). Is m(j) a composite number?
True
Let u(k) = k - 2. Let c be u(5). Suppose -31 = -c*o - 2*l, 0*o - 3*l = -2*o + 25. Let x = 90 - o. Is x a prime number?
True
Suppose 2*d = 3*m + 3115, 3*d - 2*d + 3*m = 1571. Suppose -h + 3*h = d. Is h prime?
False
Suppose -21 = -5*u + 4*w, 4*w - 9 = -u - 0*w. Suppose 0 = u*f + 67 - 252. Is f prime?
True
Let s = 879 + -496. Suppose -2*d + 3*i + s = 0, 3*d - 873 = 3*i - 291. Is d a composite number?
False
Let f(t) = 8*t**2 + 21*t - 73. Is f(18) a prime number?
True
Let l(j) = 1 - 6 + 3*j - 4*j + 98*j**2 - 21*j**2. Is l(-3) prime?
True
Suppose -13*t - 4 = -15*t. Suppose -691 = -t*p - 17. Is p a composite number?
False
Suppose -g - 5*v = -0*g + 3, -3*g - 4*v + 13 = 0. Is (-8104)/(-56) - (-2)/g a prime number?
False
Let b(t) be the first derivative of -115*t**2 - 17*t - 36. Is b(-3) a prime number?
True
Suppose 3*p = 20 - 2. Suppose -p*r + 0*r = -330. Is r a prime number?
False
Let u(j) = -6*j - 13. Suppose -2*a + k + 16 = 0, 5*k = 3*a + 2*a - 45. Let t = a + -15. Is u(t) prime?
False
Let d(b) = 340*b + 8. Let v be d(-3). Is (1 - v) + 92/(-23) composite?
False
Let k = 929 - 540. Is k prime?
True
Let f = 36 + 40. Suppose -5*s + 13 = 2*b, 27 - 11 = 5*b - 4*s. Suppose -b*w - f = -6*w. Is w a prime number?
False
Suppose -2*i = 16 - 26, -1770 = -5*s + 5*i. Is s composite?
False
Suppose -58828 = -14*c - 0*c. Suppose -331 = -3*n + c. Is n prime?
True
Is 2/2 + 35640/12 composite?
False
Let y(a) = 362*a + 31. Let u be (2 + -1)*-9*1/(-3). Is y(u) a prime number?
True
Suppose 2*w + 4*l - 6472 = 0, 4*l = -0*w + 2*w - 6440. Let s = w + -1685. Is s prime?
True
Let k be -5 - (-20 - 2 - -4). Suppose 0 = k*v + 2404 - 10659. Is v a prime number?
False
Let r(c) = 6*c + 22. Let f be r(-7). Let i(z) = 12*z**2 - 26*z - 63. Is i(f) prime?
False
Let h = -72 + 5. Suppose -n = -o + n - 26, -n = -3*o - 88. Let a = o - h. Is a composite?
False
Let y(i) = 4831*i**2 - 45*i - 137. Is y(-3) a prime number?
False
Let p(f) = 587*f**2 + 5*f - 11. Is p(5) a composite number?
True
Suppose 3*j - q - 25499 = 0, -3*j - q = 3*q - 25519. Is j composite?
False
Suppose -u = -z - 1253, 9*u + 3*z = 7*u + 2516. Is u a composite number?
True
Suppose 913 + 3667 = 10*q. Is q a prime number?
False
Let g(t) be the first derivative of 21*t**4/4 - 5*t**3/3 - t + 32. Is g(3) prime?
True
Suppose -3*s + 5*b = 1252, -2*b - 421 = 3*s - 2*s. Let a = 858 + s. Is a a composite number?
False
Suppose -2*l + 5*w = -28, -4*l - 2*w = -2 - 6. Suppose 3*c - 69 = l*c. Let s = -30 - c. Is s prime?
False
Suppose 813*a = 806*a + 33229. Is a composite?
True
Let o be 32/(-8)*(-221)/(-4). Let t = -132 - o. Is t prime?
True
Suppose 2*g + 4 = 3*g. Let r = g - 2. Suppose -45 = -3*f + h, r*f - 30 = 2*h + 3*h. Is f a composite number?
True
Let f(n) = 18 - 9*n**2 - 3*n**2 + 13*n**2. Is f(-7) a composite number?
False
Suppose -2*c + 205 = 3*c. Suppose 49 - c = 4*l. Is 8/l - (-28497)/21 a prime number?
True
Let y(j) = -20*j**3 - 5*j**2 + 7*j + 2. Let b be y(-5). Is (-5 - -3) + b*2 - -3 a composite number?
True
Suppose 2*f + 8 = 0, 2*z + 5*f = -4368 + 33822. Is z a composite number?
False
Suppose 0*a - 4*a = 8, -4*h - 5*a = 8210. Let g be h + (-2)/6*0. Let k = -1143 - g. Is k a prime number?
True
